{"id":4225,"date":"2015-03-22T19:49:50","date_gmt":"2015-03-22T18:49:50","guid":{"rendered":"http:\/\/www.roxanephoto.com\/blog\/cookies\/"},"modified":"2021-06-04T11:09:59","modified_gmt":"2021-06-04T10:09:59","slug":"cookies","status":"publish","type":"page","link":"https:\/\/www.roxanephoto.com\/blog\/cookies\/","title":{"rendered":"Cookies"},"content":{"rendered":"<h1>Cookies<\/h1>\n<p>Certaines parties du site, notamment les forums, peuvent implanter un cookie dans votre ordinateur. Les cookies ne nous permettent pas de vous identifier ; en revanche, ils enregistrent des informations relatives \u00e0 la navigation de votre ordinateur sur le site (les pages consult\u00e9es, date, heure de la consultation, etc.).<\/p>\n<p><strong><em>Navigateurs<\/em><\/strong><\/p>\n<p>Vous pouvez vous opposer \u00e0 l&rsquo;enregistrement de \u00ab\u00a0cookies\u00a0\u00bb en configurant votre navigateur. Pour plus d&rsquo;informations sur la fa\u00e7on de proc\u00e9der, vous pouvez consulter le site de la CNIL qui vous donnera les options \u00e0 s\u00e9lectionner en fonction de votre navigateur, en cliquant ici : <a href=\"https:\/\/www.cnil.fr\/fr\/cookies-les-outils-pour-les-maitriser\" target=\"_blank\" rel=\"noopener\">Cookies, les outils pour les ma\u00eetriser<\/a>.<\/p>\n","protected":false},"excerpt":{"rendered":"<p>Cookies Certaines parties du site, notamment les forums, peuvent implanter un cookie dans votre ordinateur. Les cookies ne nous permettent pas de vous identifier ; en revanche, ils enregistrent des informations relatives \u00e0 la navigation de votre ordinateur sur le &hellip; <a href=\"https:\/\/www.roxanephoto.com\/blog\/cookies\/\">Continuer la lecture <span class=\"meta-nav\">&rarr;<\/span><\/a><\/p>\n","protected":false},"author":2,"featured_media":0,"parent":0,"menu_order":0,"comment_status":"open","ping_status":"closed","template":"","meta":[],"_links":{"self":[{"href":"https:\/\/www.roxanephoto.com\/blog\/wp-json\/wp\/v2\/pages\/4225"}],"collection":[{"href":"https:\/\/www.roxanephoto.com\/blog\/wp-json\/wp\/v2\/pages"}],"about":[{"href":"https:\/\/www.roxanephoto.com\/blog\/wp-json\/wp\/v2\/types\/page"}],"author":[{"embeddable":true,"href":"https:\/\/www.roxanephoto.com\/blog\/wp-json\/wp\/v2\/users\/2"}],"replies":[{"embeddable":true,"href":"https:\/\/www.roxanephoto.com\/blog\/wp-json\/wp\/v2\/comments?post=4225"}],"version-history":[{"count":4,"href":"https:\/\/www.roxanephoto.com\/blog\/wp-json\/wp\/v2\/pages\/4225\/revisions"}],"predecessor-version":[{"id":4376,"href":"https:\/\/www.roxanephoto.com\/blog\/wp-json\/wp\/v2\/pages\/4225\/revisions\/4376"}],"wp:attachment":[{"href":"https:\/\/www.roxanephoto.com\/blog\/wp-json\/wp\/v2\/media?parent=4225"}],"curies":[{"name":"wp","href":"https:\/\/api.w.org\/{rel}","templated":true}]}}